f l?
9
Let a = 684 + -679. Suppose -5*p - v + 6690 = 0, a*p = -4*v + v + 6690. What is the tens digit of p?
3
Let f(m) = 33*m + 45 - 5 + 62*m - 2*m. What is the hundreds digit of f(3)?
3
Let u = 1256 - 756. Suppose u = 4*d + 256. What is the tens digit of d?
6
Let x = 3 - 8. Let r(y) = -6*y**2 - 3*y**3 + 218 + 2*y - 76 - 65 - 67. What is the hundreds digit of r(x)?
2
Suppose 14*q + 758 = -1440. Let d = q + 243. What is the tens digit of d?
8
Suppose -4*x = -2*w + 18475 - 1605, -2*w + 5*x + 16870 = 0. What is the tens digit of w?
3
Let i(s) = -98*s + 16. Let q be i(-3). Suppose -2*o + m = -q, 4*m - 178 = -5*o + 610. What is the units digit of o?
6
Let v(z) = -7*z - 37. Let m be v(-6). Let a = 7 - m. Suppose -2*j - 2*g + 568 = 0, 6*j - a*g = j + 1434. What is the units digit of j?
6
Let m = 634 + -652. What is the units digit of m/(-21) - (-388688)/238?
4
Let r(s) = 140*s - 2075. What is the tens digit of r(47)?
0
Let d(j) = -8*j - 83. Let r be d(-11). What is the tens digit of (-2 - (r - 10))/(4/1304)?
7
Let z(x) = x**3 + 5*x**2 + 8*x - 1. Let m(s) = -s**3 - s**2 - s + 1. Let n(h) = 2*m(h) + z(h). Let t be n(4). What is the units digit of (-3)/t - (-668)/6?
1
Suppose 42 - 123 = -9*g. What is the units digit of ((-5872)/(-48))/(3/g)?
7
Let v = 1441 - -32. What is the units digit of v?
3
Let r = 105 + -108. What is the hundreds digit of (-1156)/r + 2 + (-10)/30?
3
Let i = -60 + 62. Let l(r) = 4*r**i + 27*r - 14*r - 4*r - 1. What is the units digit of l(6)?
7
What is the tens digit of (-6009)/(-1) + (-31)/((-7905)/60)*17?
1
Let s = 658 - 395. Suppose 0 = 5*i - s - 652. Suppose -g + i = -40. What is the hundreds digit of g?
2
Suppose -3*w + 241116 = -5*g, -321523 = -4*w + 53*g - 58*g. What is the hundreds digit of w?
3
Let l = -6246 + 10374. What is the units digit of l?
8
Let l(z) be the second derivative of z**5/20 + 11*z**4/12 - 7*z**3/6 - 15*z**2 - 3863*z. Let b = -20 - -10. What is the hundreds digit of l(b)?
1
Suppose -4*w = -5*t + 72350 + 153852, 0 = -t + 4*w + 45218. What is the tens digit of t?
4
Let p(f) = -85*f + 3 + 21 - 108*f - 242. What is the thousands digit of p(-8)?
1
Suppose 0 = -2*x + 3*z + 5547 + 218, -4*x + 2*z + 11534 = 0. What is the tens digit of x?
8
Suppose -23206 = -2*p - 4*x, -551*p - 11603 = -552*p + x. What is the hundreds digit of p?
6
Let i = 14 + -20. Let m be -2 - (i + 5) - (1 + -1). What is the units digit of 1384/10 + (-6)/15 - m?
9
Let l(i) = -i**3 + 13*i**2 - 14*i - 5. Let s be l(11). Suppose 5*v - s = -8. What is the units digit of 291/v + ((-6)/5)/(-2)?
0
What is the units digit of (-1 - -168)/(35/1505)?
1
Let s = -1399 - -2144. Suppose -2*g = 5*f + 287, 4*g - 192 + s = -3*f. Let i = -45 - g. What is the units digit of i?
1
Let m(n) = -2*n + 731. Let z be m(0). Suppose 0 = -4*w + z - 75. Suppose -3*p = -3*j + w + 85, -2*p - 6 = 0. What is the tens digit of j?
8
Suppose 0 = 6*d - 11*d - 4*x + 1192, -3*d + x + 722 = 0. Suppose 8*s = 728 + d. What is the units digit of s?
1
Let l be ((-296892)/15)/(-12) + (-6)/(-10). Suppose 16*n - 2622 - l = 0. What is the units digit of n?
7
Let b be (0 - -2)/(-2) - -3. Let d be 2 - -2*12/8. Suppose u - x - 60 = 0, d*x + 69 = b*u - 39. What is the tens digit of u?
6
Let l = 1069 + -1068. Let d = 3 - 5. What is the units digit of 2 + l*(2 - 25)*d?
8
Let q be (10/(-8))/(-5) + (-3630)/(-8). Suppose -m - 14 = -z - 129, 4*m - 2*z = q. Suppose m = 3*d - 11. What is the units digit of d?
1
Let r(l) = -l**3 + 28*l**2 + 11*l - 69. Let p be r(28). Suppose -s + 2*t + 156 + 118 = 0, -5*t = s - p. What is the units digit of s?
4
Let u = 33 - 137. Let o = u - -2. Let b = o - -182. What is the units digit of b?
0
Let v(q) = 10*q**2 - 36*q - 1334. What is the ten thousands digit of v(58)?
3
Suppose 2951*h + 443982 = 2984*h. What is the units digit of h?
4
Suppose 0 = 16*x - 20*x + 500. Let d = x - 68. Suppose -163 - d = -4*p. What is the tens digit of p?
5
Let h be (-1 - -3 - 32)*4/(-10). Suppose h*d = -38 - 70. Let a(v) = 2*v**2 - 4*v + 3. What is the hundreds digit of a(d)?
2
Suppose -59*m + 57*m = a + 1, 0 = -2*m - 3*a - 11. Suppose -y + 860 = -m*f, 5*y - 3*f - 4328 = -0*f. What is the tens digit of y?
6
Suppose 553 = -18*u + 5701. Let h be 1*(-1)/(1*-1). What is the tens digit of (u/88)/(h/24)?
7
Let f(a) = a**2 - 5*a + 5. Let s be f(5). Suppose -6*t + t - s*v = -340, 0 = -v. What is the units digit of t?
8
Let s be (-256)/(-20)*680/16. What is the tens digit of (0 + -24)*s/(-48)?
7
Let m = 20 + -20. Suppose -b - 3 = -2*b. Suppose m = b*z - 2*z - 49. What is the units digit of z?
9
Suppose 4*g - 3*l - 84564 = 0, -105694 = -0*g - 5*g + l. Suppose 21*k + 4149 = g. What is the units digit of k?
9
What is the ten thousands digit of (0 + -1075)*(308 + -367)?
6
Let l(c) = -c**3 + 5*c**2 - 7*c + 31. Let w be l(5). What is the hundreds digit of 335 - (0 + 2)*(-4)/w?
3
What is the units digit of 6 + (-120)/(-10)*-1 + (23559 - 3)?
0
Suppose -1 = u, -4*t + 2875 = -3*u - 1556. Suppose -3*x + 8*c + 1655 = 7*c, 0 = 2*x + 3*c - t. What is the hundreds digit of x?
5
Let o(f) = -15236*f - 4. What is the units digit of o(-1)?
2
Let o(r) = r**2 + 11*r + 16. Let n = 145 - 67. Suppose n = -7*g + g. What is the tens digit of o(g)?
4
Let c(d) = 5*d**2 + 56*d + 162. Let t(v) = -3*v**2 - 27*v - 80. Let k(o) = -6*c(o) - 11*t(o). What is the units digit of k(22)?
2
Let g(o) = -1761*o - 42. What is the ten thousands digit of g(-15)?
2
Let o be 11/((-33)/6) - (1 + -4). Let h be o*(0/3 + 5). Suppose h*t - 1422 = -427. What is the hundreds digit of t?
1
Let c(q) = q**2 + 3*q + 5. Let o be c(5). Suppose -23 - o = -k. Suppose -4*a + k = -64. What is the tens digit of a?
3
Let m = -300 + 298. Let v(z) = 127*z**2 - 5*z + 1. What is the units digit of v(m)?
9
Let d(h) = -2*h**3 + 3*h**2 + 6. Let b be d(2). What is the tens digit of b - (-6089)/5 - 17/(-85)?
2
Suppose -4*q = 3*o - 8, 7*q - 5*q = 4*o + 4. Suppose 5*i - v = 2169, o = 3*i + 5*v - 370 - 937. What is the tens digit of i?
3
What is the thousands digit of (7 + (18 - 26))/(2/(-83668))?
1
Let s be -3*(-1 + (-2561)/(-3)). Let b = -1445 - s. Suppose 5*r - 10*r + b = -4*q, -r + 240 = 5*q. What is the hundreds digit of r?
2
Let a = -44 - -57. Suppose a*t - 16*t = -876. What is the hundreds digit of t?
2
Suppose 550*z - 548*z + 70796 = 2*d, -5*d - 3*z + 176942 = 0. What is the hundreds digit of d?
3
Let c(z) = -88*z**3 - 3*z**2 - 5*z - 4. Let x be 2 - (4 + 0 - 0). What is the units digit of c(x)?
8
Suppose 302*s - 8640895 + 1006776 = -1063807. What is the units digit of s?
6
Let d = 21 - 21. Let s be (d/3)/(8/4). Suppose -85 = -2*f + 3*v - 19, s = -3*f - 5*v + 137. What is the tens digit of f?
3
Suppose 15*j - 115 = 10*j. Suppose -j*c + 26*c = 9. Suppose n + c*n - 232 = 0. What is the tens digit of n?
5
Let i = 2661 + -869. Suppose 0*q + u = -q + 884, -4*u - i = -2*q. What is the hundreds digit of q?
8
Let i = 22 + -34. Suppose x + 1968 = d - 4*d, 5*x - 5*d + 9820 = 0. What is the tens digit of (-8)/i*x/(-10)?
3
Let y(i) = -508*i - 256. Let x be y(-7). Let a = -1408 + x. What is the tens digit of a?
9
Let w be 8074/10 - 8/20 - 1. Suppose g - o - 164 = -3*o, -5*g - 3*o + w = 0. Suppose -4*v + 0*v + g = 0. What is the units digit of v?
0
Suppose 7*n - 106 = -43. What is the units digit of ((-1182)/(-4))/(n/12)?
4
Let x be (-6)/(-14) - ((-1114)/14 - 1). Let n(t) = -t**3 + 12*t - 5 - 92*t**2 + 5*t + x*t**2. What is the tens digit of n(-13)?
1
Let g = -77 - -90. Suppose i - 8 = g. Suppose 10*b - i = 3*b. What is the units digit of b?
3
Let i(s) = 60*s**3 + 2*s**2 + 19*s - 110. What is the hundreds digit of i(6)?
0
Suppose 0 = 4*u + 27*f - 30*f - 11606, -3*f = -5*u + 14509. What is the thousands digit of u?
2
Let y be (-7)/28 + (-1)/(-4). Suppose 6*o - 9*o - 945 = -w, -4*o + 910 = w. Suppose -6*d + w = -y*d. What is the hundreds digit of d?
1
Suppose 17*j + 948 = -26184. Let v = -1025 - j. What is the hundreds digit of v?
5
What is the thousands digit of ((15 + 11417)/(-1 + 2))/1?
1
Suppose 28 = -26*m + 25*m. Let q = m - -96. What is the units digit of q?
8
Suppose -141283 = -32*q + 115167 + 231902. What is the tens digit of q?
6
Suppose -147*l + 140*l + 227340 = -375892. What is the hundreds digit of l?
1
Let l = -83 - -109. Suppose 24 = -n - 2*f, -n - f + 0*f = l. Let k 